 multiple of 119?
False
Does 3 divide 2331747064?
False
Is 3467961300 a multiple of 2767?
False
Does 3137 divide 305364349?
False
Is 50242087 a multiple of 117?
False
Does 40 divide 1574675640?
True
Is 7082197776 a multiple of 24?
True
Is 22269089 a multiple of 15?
False
Does 13 divide 83312983?
True
Is 61859987 a multiple of 159?
False
Does 157 divide 16623945?
True
Does 171 divide 294646809?
False
Is 10990836 a multiple of 36?
True
Is 401 a factor of 45703305?
False
Does 975 divide 76898250?
True
Is 61193869 a multiple of 4?
False
Does 3216 divide 858218544?
True
Is 30622739 a multiple of 4?
False
Is 464229472 a multiple of 68?
True
Is 900 a factor of 983929500?
True
Is 25 a factor of 2708224?
False
Is 330 a factor of 4285780950?
True
Is 90577585 a multiple of 25?
False
Is 182 a factor of 532793974?
False
Is 14528727 a multiple of 2268?
False
Does 149 divide 13007328?
False
Is 333 a factor of 942701505?
False
Does 77 divide 47548755?
False
Is 16272236 a multiple of 1391?
False
Does 775 divide 592661250?
False
Does 535 divide 112878045?
True
Does 110 divide 13654740?
True
Does 53 divide 139080062?
False
Is 965 a factor of 93434741?
False
Is 6 a factor of 692674734?
True
Does 5770 divide 141988160?
True
Is 1288 a factor of 602040371?
False
Does 32 divide 262456013?
False
Is 23 a factor of 60739596?
True
Does 8 divide 2710984?
True
Is 2896 a factor of 446146176?
True
Does 550 divide 31457250?
True
Is 1703712735 a multiple of 29?
True
Is 49361076 a multiple of 6?
True
Is 67728882 a multiple of 78?
True
Is 13724796 a multiple of 54?
False
Is 90 a factor of 2167779330?
True
Is 1670915544 a multiple of 12?
True
Does 5903 divide 629631689?
True
Is 385670440 a multiple of 86?
True
Does 4674 divide 798474168?
False
Is 4 a factor of 90088900?
True
Is 20 a factor of 8326147?
False
Is 1447512 a multiple of 8?
True
Is 236278302 a multiple of 39?
True
Does 14 divide 15333940?
False
Is 582 a factor of 16214002?
False
Does 3995 divide 29059630?
True
Is 1069519470 a multiple of 979?
False
Does 96 divide 1435872?
True
Is 2926 a factor of 2480823730?
True
Is 358923968 a multiple of 52?
True
Does 197 divide 34102079?
True
Is 54 a factor of 729776628?
True
Does 8 divide 31511649?
False
Is 725 a factor of 332758325?
True
Is 114364580 a multiple of 205?
True
Does 449 divide 29671267?
True
Does 5271 divide 57132022?
False
Is 60917381 a multiple of 581?
False
Is 245 a factor of 79583595?
True
Is 999453442 a multiple of 202?
False
Is 18 a factor of 3677965225?
False
Does 15 divide 69339705?
True
Does 65 divide 59741499?
False
Is 503933820 a multiple of 195?
True
Is 2103578860 a multiple of 748?
False
Is 48273506 a multiple of 34?
True
Is 63 a factor of 69087186?
True
Does 93 divide 331776663?
True
Does 2329 divide 162529265?
True
Does 940 divide 456035360?
True
Is 125 a factor of 115871761?
False
Does 9 divide 14129961?
False
Is 286 a factor of 26238212?
True
Is 270 a factor of 389907810?
True
Is 116876826 a multiple of 18?
True
Is 733 a factor of 9613860?
False
Does 45 divide 307338165?
True
Is 63297360 a multiple of 95?
True
Is 7752304 a multiple of 1330?
False
Does 107 divide 51752262?
True
Is 101 a factor of 26749446?
True
Does 2276 divide 6203486084?
True
Is 19 a factor of 2762104537?
True
Is 217 a factor of 14286846?
True
Is 39801713 a multiple of 15?
False
Is 27 a factor of 1576393731?
True
Does 234 divide 74285874?
True
Is 352 a factor of 27746225?
False
Is 240949507 a multiple of 13?
False
Is 28131937 a multiple of 4?
False
Is 1662969781 a multiple of 68?
False
Does 1735 divide 29865009?
False
Does 105 divide 67690891?
False
Is 758874 a multiple of 11?
False
Does 1182 divide 5428442?
False
Is 168523640 a multiple of 262?
True
Is 3149029600 a multiple of 6232?
True
Does 41 divide 1965084654?
True
Does 5639 divide 67951660?
False
Is 3879 a factor of 573774298?
False
Is 76 a factor of 101437048?
True
Is 48250024 a multiple of 8?
True
Does 6 divide 45450237?
False
Is 282455992 a multiple of 559?
True
Does 61 divide 580084136?
True
Is 224588088 a multiple of 22?
False
Is 2127825938 a multiple of 16?
False
Does 55 divide 3854350?
False
Is 360959752 a multiple of 385?
False
Is 117 a factor of 1304987229?
True
Is 144 a factor of 70698096?
True
Is 529666253 a multiple of 74?
False
Does 1006 divide 28580495?
False
Is 536302170 a multiple of 6030?
True
Is 142 a factor of 3207942976?
False
Is 57 a factor of 272049286?
False
Is 6 a factor of 236950764?
True
Does 1048 divide 30761786?
False
Does 251 divide 149404635?
False
Is 293139 a multiple of 11?
True
Is 46176756 a multiple of 4?
True
Is 22671397 a multiple of 503?
False
Does 616 divide 8950480?
True
Is 19100558 a multiple of 34?
False
Does 2157 divide 242169460?
False
Is 7 a factor of 10204369?
True
Is 8810082891 a multiple of 657?
True
Does 7 divide 142968805?
True
Is 1449 a factor of 582734542?
False
Is 1209045 a multiple of 3?
True
Does 3555 divide 204732593?
False
Is 57968308 a multiple of 433?
True
Does 14 divide 21739031?
False
Is 3187 a factor of 129507925?
False
Does 2767 divide 53782179?
True
Does 1033 divide 15035315?
True
Is 45052959 a multiple of 10?
False
Is 844 a factor of 345114659?
False
Does 14 divide 784460460?
True
Is 756675456 a multiple of 48?
True
Is 8545424 a multiple of 178?
True
Is 2255 a factor of 2003885455?
True
Is 3471860 a multiple of 14?
True
Is 64 a factor of 911668672?
True
Does 13 divide 270289415?
False
Is 42427757 a multiple of 3273?
False
Is 42 a factor of 5404434?
True
Is 95 a factor of 34316945?
True
Is 71843710 a multiple of 2611?
False
Is 1199 a factor of 78771902?
True
Is 7 a factor of 16336109?
False
Is 122926998 a multiple of 49?
False
Does 543 divide 34239951?
True
Does 2 divide 5740956?
True
Is 38216700 a multiple of 10?
True
Is 1807 a factor of 85751185?
True
Is 300 a factor of 62437403?
False
Is 120 a factor of 153112181?
False
Is 27607387 a multiple of 6?
False
Is 529977899 a multiple of 372?
False
Does 15 divide 13341698?
False
Does 1073 divide 569522?
False
Is 201 a factor of 175747530?
False
Does 298 divide 2676121615?
False
Is 36422658 a multiple of 2529?
True
Is 2390253205 a multiple of 547?
False
Is 192 a factor of 645339281?
False
Is 29 a factor of 32759276?
False
Is 34 a factor of 4030499?
False
Is 188332652 a multiple of 3?
False
Is 48 a factor of 345848880?
True
Does 28 divide 70780500?
True
Is 188631924 a multiple of 12?
True
Is 3 a factor of 19183464?
True
Is 763837636 a multiple of 92?
True
Is 137999166 a multiple of 2297?
True
Is 44 a factor of 51913570?
False
Is 37 a factor of 248796003?
False
Is 69 a factor of 396195171?
True
Is 41836680 a multiple of 1255?
True
Does 184 divide 39146008?
False
Is 100 a factor of 137772041?
False
Is 429 a factor of 44890560?
True
Does 23 divide 15429665?
True
Does 38 divide 5678220?
False
Does 251 divide 105248332?
False
Is 877303461 a multiple of 34?
False
Does 3707 divide 596571983?
False
Does 35 divide 37569105?
True
Is 314 a factor of 46611410?
False
Is 20694777 a multiple of 3?
True
Is 579 a factor of 25168575?
False
Does 46 divide 66417931?
False
Is 7796610 a multiple of 30?
True
Is 3122653 even?
False
Is 1088742 a multiple of 12?
False
Is 1439 a factor of 246540992?
True
Is 1215792662 a multiple of 146?
True
Is 581481738 a multiple of 19?
True
Does 344 divide 10122770?
False
Does 112 divide 39965296?
True
Is 22 a factor of 15872705?
False
Is 139992088 a multiple of 251?
False
Does 30 divide 108098624?
False
Is 154 a factor of 209117678?
True
Is 430268230 a multiple of 1306?
True
Does 4 divide 30637144?
True
Is 249930569 a multiple of 40?
False
Is 17 a factor of 1321280256?
True
Is 12502421 a multiple of 789?
False
Does 291 divide 16814853?
True
Is 883919745 a multiple of 6?
False
Is 147831048 a multiple of 2536?
True
Does 19 divide 1264801044?
True
Does 49 divide 31858624?
True
Does 834 divide 52069624?
False
Does 98 divide 1649010?
False
Does 927 divide 407991240?
True
Is 40 a factor of 1399596?
False
Is 3316 a factor of 474714098?
False
Is 44380128 a multiple of 52?
True
Is 62788919 a multiple of 31?
True
Is 132017072 a multiple of 88?
True
Does 250 divide 71790750?
True
Is 47613800 a multiple of 260?
True
Is 215 a factor of 66050140?
False
Is 52646928 a multiple of 16?
True
Is 297 a factor of 120321526?
Fal